er?
False
Is ((5535943/(-28))/41)/(2/(-8)) prime?
True
Suppose 88767 + 2637 = 12*i. Let p = i - -12236. Is p a prime number?
True
Is (142397/(-2 - -1))/((-9)/((-72)/(-8))) a composite number?
True
Suppose -5*l = 5*d - 32455, -4*l + 16*d = 18*d - 25956. Is l composite?
True
Let v(i) = 2*i**2 + 7*i - 1. Let m be 13 + -2 + -10 + 6. Let z be v(m). Let k = z + -19. Is k prime?
True
Suppose 2*j - x = 18, x + 42 = 4*j + j. Let d be 3 - (-4)/(j/(-458)). Let l = 705 + d. Is l a composite number?
False
Suppose 2*t = -f + 199211, -4*t + 389621 = -5*f - 8822. Is t a prime number?
True
Is (-9)/(-1)*(-18096820)/(-1260) composite?
False
Let d(z) be the second derivative of -25*z**3/6 - 12*z**2 - 3*z. Let x(n) = 25*n + 24. Let g(h) = 4*d(h) + 5*x(h). Is g(5) a prime number?
True
Is 14 + 172835 + 6 - 8 composite?
True
Let x(q) = 1427*q**2 + 15*q + 69. Is x(13) a composite number?
True
Let s be (2/(-4))/((-10)/(-1080)). Let z = 523 + s. Is z composite?
True
Let v(y) = 22855*y**2 + 47*y - 25. Is v(2) a composite number?
True
Let h(i) = 30*i**2 - 9*i**2 - 27*i + 4 - 29. Is h(14) prime?
False
Suppose 1539*g - 1540*g = -96231. Is g composite?
True
Let f be (-9)/36 - (-2142)/(-8). Let s be 0/(-2) + 7 + -3 + f. Let z = 37 - s. Is z prime?
False
Let n(b) = -2227*b - 514. Is n(-23) a composite number?
False
Suppose -61*z + 32*z = -30*z. Suppose -125*h + 133*h - 31784 = z. Is h a composite number?
True
Suppose -107*o - 17151969 = -75*o - 75*o. Is o a prime number?
False
Suppose 207140 = 4*c + 3*t, -4*c + 4*t = 3*t - 207140. Is c a composite number?
True
Suppose 2*l - 2*i = 4670, 2*l - 11675 = -3*l - 4*i. Let d be ((-27)/(-5) - 5)/(1/l). Suppose 0 = 5*c - h - 2233, -2*c = h + 45 - d. Is c composite?
True
Let t = -145 - -147. Let q(b) = 171*b**2 + b + 5. Is q(t) prime?
True
Suppose 0 = 11450*t - 11472*t + 61358. Is t prime?
True
Let u(w) = -117961*w - 237. Is u(-2) prime?
False
Suppose 4*f = -4, -20381 = -o + 4*f + 196264. Is o a prime number?
True
Let y = -36 + 36. Suppose -6*k + 3*k + 660 = y. Suppose -13*b = -9*b - k. Is b a prime number?
False
Suppose -55*b + 1715 = -60*b. Let o = b - -1128. Is o composite?
True
Let m = 1051 + -400. Suppose -636 = -3*f + k, 4*k + 0*k - m = -3*f. Suppose 0 = -z + 488 + f. Is z a prime number?
True
Let v be 30/4*(1 - (-27)/(-15)). Let y(a) = 37*a**2 + 11*a - 13. Is y(v) composite?
True
Suppose 3*l = -x + 8*l + 560523, -2802731 = -5*x - 4*l. Is x a composite number?
False
Suppose -20*q + 14*q = -24. Suppose -30*t + 578 = -28*t + q*s, -5*t + 1457 = 4*s. Is t prime?
True
Suppose 0 = -16*a - 23184 + 202528. Let n = 24942 - a. Is n a composite number?
True
Let h = -151 + 163. Suppose 3*n = h*r - 15*r + 47271, -5*r = -2*n + 31514. Is n prime?
False
Suppose 15331 = 3*o - 3623. Suppose n + o = 23869. Is n a composite number?
False
Suppose -3514 = -20*o + 34*o. Let i = o + 996. Is i a composite number?
True
Suppose -8*m - 5*m = -33*m + 1431580. Is m composite?
True
Suppose -5*d + q = -2*q - 32680, -q = d - 6528. Let p = d + 11806. Is p composite?
True
Let x(d) = 623*d**3 - d**2 - 61*d + 223. Is x(6) a prime number?
False
Let v be 20/(-70) + 20598/14. Let r = v + 3690. Is r a composite number?
True
Is (2 - (-40)/(-15))/((-68)/5200266) a prime number?
False
Is (-15702655)/(-2534) - 3/(-14) composite?
False
Let n = -212841 - -408284. Is n a prime number?
True
Let f = -745 - -743. Is (f/4)/(12/(-190776)) a prime number?
True
Let t = 36117 - 22144. Is t composite?
True
Let i(j) = 3258*j**2 - 8*j - 13. Let c be i(-5). Suppose 0 = -t + 5*t - 3*f - 81473, -f + c = 4*t. Is t a prime number?
True
Let d = 11768 - -441. Is d a composite number?
True
Let w be 86/((1/16)/(38 + -30)). Let u = w + -3951. Is u a composite number?
False
Suppose 29*a - 364003 - 708910 = 0. Is a a prime number?
True
Suppose 2*g = -5*a + 2724877, 0 = 3*g + 4*a + 137109 - 4224400. Is g composite?
False
Suppose -1 = i - 5*y, -3*i - y = 2*i + 109. Let n be (-70258)/(-8) + (-2 - i/12). Suppose -2*q = -6*x + 2*x - 3502, 5*q - n = x. Is q a composite number?
True
Is (-145549530)/(-30)*7/21 composite?
True
Let v be (-8)/1*((-3426)/24 - 2). Let j = v - 631. Is j prime?
False
Suppose 0 = 178*y - 14465794 - 30137980. Is y prime?
True
Let w(c) be the first derivative of 5*c**2/2 + 17*c + 50. Let g be ((-8)/4)/(-2) - -3. Is w(g) a composite number?
False
Suppose 0 = -37*h + 250715 + 10542. Is h a composite number?
True
Suppose -20*x = -27*x + 60935. Is (x + 0)*108/270 prime?
False
Suppose -5*y + 30 = -15. Suppose -y = 5*x - 8*x. Suppose i = 3, -123 = -x*a + 2*i + 120. Is a a composite number?
False
Suppose 2*n = c - 0*c + 135, 2*n + 3*c = 155. Suppose -n = -12*o + 2*o. Is (-1)/((-4 + o)/(-669)) composite?
False
Let z(y) be the third derivative of 3*y**4 + 91*y**3/6 - 7*y**2 - y. Is z(24) a prime number?
False
Suppose 251*v - 187*v - 19493504 = 0. Is v a prime number?
False
Let o be 319/2 - 4/(-8). Let q = o - 77. Let j = q + 878. Is j composite?
True
Suppose -5*a + 5*p = -38000, -4*a + p = -21058 - 9351. Let b = 1888 + a. Is b a prime number?
True
Let q(f) = 5*f - 9. Let u be q(8). Is (-7)/(-14)*u/1*106 a composite number?
True
Suppose 260 = -64*z + 77*z. Suppose 0 = z*i - 18*i - 44606. Is i a composite number?
False
Suppose -2*r - 5*p + 17 = 0, -2*p + p - 19 = -r. Suppose r = -5*c + 91. Is (5/c)/(-1 + 4198/4197) a composite number?
False
Suppose -885*a + 868*a = -59177. Is a a composite number?
True
Let a(s) = 2*s + 862*s**3 + 2*s**2 + 20 - 6 - 1 - 11 + 32*s**3. Is a(2) a prime number?
False
Suppose b - 16 = -4*c, 2*b + 13 = -3*c + 4*c. Suppose 5*y + 12912 = -4*l, -c*l + 2785 = 2*y + 18908. Let z = 5856 + l. Is z a prime number?
True
Let y(o) = 105*o**3 - 4*o**2 - 22*o + 6. Let b be y(8). Suppose -b + 12733 = -11*n. Is n composite?
False
Let z be ((96/9)/(-8))/(1/(-21)). Suppose 3*x + 2*k - 10 = 0, 4*x - k - z = -0*k. Suppose -1885 = t - x*t. Is t a composite number?
True
Suppose -4*b = 14*b - 491994. Suppose -75*d + 66*d = -b. Is d a prime number?
True
Let s = 686 - 485. Suppose -2*f - 367 = -w, -3*f - 3*w = -2*f + s. Let j = f + 271. Is j prime?
False
Let g(j) be the second derivative of -131*j**3/6 + 23*j**2 - 22*j. Let u(t) = 44*t - 15. Let v(f) = 4*g(f) + 11*u(f). Is v(-6) prime?
False
Suppose 0 = 2*p + 2*q - 171965 - 317517, 2*q + 734243 = 3*p. Suppose -p = -13*h - 59872. Is h prime?
True
Suppose 0 = -723*h + 736*h - 2036047. Is h composite?
False
Let y be (40/12 - 3)/(4/48). Suppose 2*h = -y*a + 5*h + 3343, -4*a + 3361 = 3*h. Suppose 0 = -0*u + 2*u - a. Is u a prime number?
True
Suppose 108624 + 51722 = 3*d + 4*q, -5*q + 25 = 0. Suppose -29592 = -18*g + d. Is g a composite number?
True
Let w(u) = -51 - 30*u - 34*u + 32*u**2 + 53*u - u**3. Is w(25) composite?
False
Is ((-106556)/68)/(-3 + 158/53) composite?
True
Let f(t) = -2*t**2 - 7*t + 21. Let l be f(0). Is ((-6385)/15)/(2 - 49/l) a prime number?
True
Let p = -25747 + 47988. Is p prime?
False
Let b be 2/8 - 2/8. Let q(y) = 3*y**2 + 33*y - 35. Let d be q(18). Suppose -w + 208 + d = b. Is w composite?
True
Suppose -325207 = -12*m + 1480301. Is m a prime number?
False
Suppose -17 - 1 = -2*y - 3*x, -3*x = 5*y - 27. Suppose o - 2 = y, 0 = -4*t - 3*o + 523. Is t prime?
True
Suppose 4*c + 7*p = 4*p, c - 3*p = 15. Suppose -3*b - c - 6 = 3*d, 5*d - 35 = 5*b. Suppose -4*x + 3*v = -1704 - 893, -d*x + 1321 = 3*v. Is x prime?
True
Let t be 50/20*(-76)/(-5). Suppose t*o - 422 = 36*o. Is o prime?
True
Suppose 21473 = 2*g - o, -o = -3*o + 6. Suppose -n - 4*i + 2162 = -9*i, -5*n + i + g = 0. Is n a composite number?
True
Suppose -18*r = -279153 - 396261. Is r a prime number?
False
Suppose -2*l - 2*f + 13 = -f, -3 = -3*f. Let h be (-1252)/26 - (l + (-400)/65). Let m = h - -130. Is m composite?
True
Is -3 - 2*11/(-22)*496354 composite?
True
Suppose f - 133001 = -0*n - n, 398991 = 3*n - f. Is n a prime number?
False
Let l = 581 + -1. Suppose 3*g - l = -b, -7*g + 5*g = 2. Is b prime?
False
Let i be 0 - (3*-1 + -20 + 20). Is i/1*-2018*6/(-36) a prime number?
True
Let o = -85 - -87. Suppose -5*k + o*k + 14511 = 0. Is k prime?
False
Let c = -53 - -43. Let s be -6 - (-1 - c/5). Is -2 + -1 + (-1125)/(-9) + s a composite number?
True
Let o be (-2)/((-1)/2*2). Let i(f) = 204*f**2 - 2*f + 1. Let d(n) = -594*n**2 + 5*n - 2. Let m(a) = 2*d(a) + 7*i(a). Is m(o)